{"id":3037,"date":"2016-05-15T11:28:28","date_gmt":"2016-05-15T09:28:28","guid":{"rendered":"http:\/\/www.die-partei-dortmund.de\/?post_type=product&#038;p=3037"},"modified":"2022-12-28T13:58:50","modified_gmt":"2022-12-28T12:58:50","slug":"20x-bitte-keine-rechnungen-einwerfen-aufkleber","status":"publish","type":"product","link":"https:\/\/die-partei-dortmund.de\/shop\/produkt\/20x-bitte-keine-rechnungen-einwerfen-aufkleber\/","title":{"rendered":"20x Bitte keine Rechnungen einwerfen! &#8211; Aufkleber"},"content":{"rendered":"<p>Dieser Aufkleber geh\u00f6rt zu jeder seri\u00f6sen Briefkastenfirma. Im Set zu je 20 St\u00fcck, zum verschenken oder horten.<\/p>\n<p>Lieferzeit ca. 3-5 Werktage<\/p>\n<p>Bezahlung aktuell nur per PayPal m\u00f6glich. Freunde der Vorkasse und\/oder des Lastschriftverfahrens m\u00fcssen sich noch ein wenig gedulden. Bargeld nehmen wir nur in schwarzen Koffern entgegen.<\/p>\n","protected":false},"excerpt":{"rendered":"<p>Dieser Aufkleber geh\u00f6rt zu jeder seri\u00f6sen Briefkastenfirma.<\/p>\n","protected":false},"featured_media":4094,"comment_status":"open","ping_status":"closed","template":"","meta":{"_crdt_document":""},"product_brand":[],"product_cat":[144],"product_tag":[],"class_list":{"0":"post-3037","1":"product","2":"type-product","3":"status-publish","4":"has-post-thumbnail","6":"product_cat-aufkleber","8":"first","9":"instock","10":"featured","11":"purchasable","12":"product-type-simple"},"_links":{"self":[{"href":"https:\/\/die-partei-dortmund.de\/shop\/wp-json\/wp\/v2\/product\/3037","targetHints":{"allow":["GET"]}}],"collection":[{"href":"https:\/\/die-partei-dortmund.de\/shop\/wp-json\/wp\/v2\/product"}],"about":[{"href":"https:\/\/die-partei-dortmund.de\/shop\/wp-json\/wp\/v2\/types\/product"}],"replies":[{"embeddable":true,"href":"https:\/\/die-partei-dortmund.de\/shop\/wp-json\/wp\/v2\/comments?post=3037"}],"wp:featuredmedia":[{"embeddable":true,"href":"https:\/\/die-partei-dortmund.de\/shop\/wp-json\/wp\/v2\/media\/4094"}],"wp:attachment":[{"href":"https:\/\/die-partei-dortmund.de\/shop\/wp-json\/wp\/v2\/media?parent=3037"}],"wp:term":[{"taxonomy":"product_brand","embeddable":true,"href":"https:\/\/die-partei-dortmund.de\/shop\/wp-json\/wp\/v2\/product_brand?post=3037"},{"taxonomy":"product_cat","embeddable":true,"href":"https:\/\/die-partei-dortmund.de\/shop\/wp-json\/wp\/v2\/product_cat?post=3037"},{"taxonomy":"product_tag","embeddable":true,"href":"https:\/\/die-partei-dortmund.de\/shop\/wp-json\/wp\/v2\/product_tag?post=3037"}],"curies":[{"name":"wp","href":"https:\/\/api.w.org\/{rel}","templated":true}]}}