{"id":4763,"date":"2018-01-17T11:21:15","date_gmt":"2018-01-17T10:21:15","guid":{"rendered":"https:\/\/www.die-partei-dortmund.de\/shop\/?page_id=4763"},"modified":"2019-01-10T00:42:02","modified_gmt":"2019-01-09T23:42:02","slug":"datenschutzerklaerung","status":"publish","type":"page","link":"https:\/\/die-partei-dortmund.de\/shop\/datenschutzerklaerung\/","title":{"rendered":"Datenschutzerkl\u00e4rung"},"content":{"rendered":"<p style=\"text-align: center;\">[wpca_btn_reset_consent txt=&#8220;Cookie Einstellungen zur\u00fccksetzen&#8220; txt_resetting=&#8220;Zur\u00fccksetzen..&#8220;]<\/p>\n<h3>Wer wir sind<\/h3>\n<h4>Die Partei f\u00fcr Arbeit, Rechtsstaat, Tierschutz, Elitenf\u00f6rderung und basisdemokratische Initiative \u2013 Die PARTEI, Kreisverband Dortmund<\/h4>\n<p>Die Adresse unserer Website ist: <a href=\"https:\/\/die-partei-dortmund.de\">https:\/\/die-partei-dortmund.de<\/a>.<\/p>\n<p>Die Kontaktinformationen befinden sich im <a href=\"https:\/\/die-partei-dortmund.de\/impressum\/\">Impressum<\/a><\/p>\n<h3>Welche personenbezogenen Daten wir sammeln und warum wir sie sammeln<\/h3>\n<h3>Kommentare<\/h3>\n<p>Wenn Besucher Kommentare auf der Website schreiben, sammeln wir die Daten, die im Kommentar-Formular angezeigt werden, au\u00dferdem die IP-Adresse des Besuchers und den User-Agent-String (damit wird der Browser identifiziert), um die Erkennung von Spam zu unterst\u00fctzen.<\/p>\n<h3>Medien<\/h3>\n<p>Wenn du ein registrierter Benutzer bist und Fotos auf diese Website l\u00e4dst, solltest du vermeiden, Fotos mit einem EXIF-GPS-Standort hochzuladen. Besucher dieser Website k\u00f6nnten Fotos, die auf dieser Website gespeichert sind, herunterladen und deren Standort-Informationen extrahieren.<\/p>\n<h3>Kontaktformulare\/Email<\/h3>\n<p>Bei der Nutzung unseres Kontaktformulars werden Name, Email-Adresse, die Nachricht sowie IP-Adresse und User Agent an uns verschl\u00fcsselt \u00fcbermittelt. Diese Daten werden solange gespeichert, bis das Anschreiben bearbeitet wurde und dann gel\u00f6scht. Gleiches gilt f\u00fcr Anschreiben an unsere Email-Adresse(n). F\u00fcr unverlangt zugesandtes Material \u00fcbernehmen wir keine Haftung.<\/p>\n<h3>Online-Shop<\/h3>\n<p>Bei Bestellungen in Online-Shop werden IP-Adresse, Name, Adresse, Email-Adresse, Payment-Methode, Produkt(e) und der Kaufpreis gespeichert. Zudem k\u00f6nnen personenbezogene Daten zwecks Identifizierung an den Anbieter des gew\u00e4hlten Payment-Dienstes zur Kaufabwicklung \u00fcbermittelt werden. Ausstehende, fehlgeschlagene und stornierte Bestellungen werden sieben Tage gespeichert. Abgeschlossene Bestellungen werden nach drei Monaten anonymisiert, alle personenbezogenen Daten werden gel\u00f6scht. Unaktivierte Kundenkonten werden nach 30 Tagen gel\u00f6scht.<\/p>\n<h3>Social-Media-Plugin \u201eShariff Wrapper\u201c<\/h3>\n<p>Wir bieten Ihnen auf unserer Website die M\u00f6glichkeit zur Nutzung von sogenannten \u201eSocial-Media-Buttons\u201c an. Zum Schutz Ihrer Daten setzen wir bei der Implementierung auf die L\u00f6sung \u201eShariff\u201c. Hierdurch werden diese Buttons auf unserer Seite lediglich als statische Grafik eingebunden, die eine Verlinkung auf die entsprechende Website des Anbieters enth\u00e4lt. Durch das Anklicken der Grafik werden Sie somit zu der Website des jeweiligen Anbieters weitergeleitet, genauso wie es auch bei normalen Links funktioniert. Erst beim Aufruf der Website des Anbieters erh\u00e4lt dieser Informationen \u00fcber Sie, wie zum Beispiel Ihre IP-Adresse. Sofern Sie die Button-Grafiken nicht anklicken, findet keinerlei Datenaustausch statt. Informationen \u00fcber die Erhebung und Verwendung Ihrer Daten in den sozialen Netzwerken finden Sie in den jeweiligen Nutzungsbedingungen der entsprechenden Anbieter. Mehr Informationen \u00fcber das Plugin und zur Shariff-L\u00f6sung finden Sie hier:\u00a0<a href=\"https:\/\/de.wordpress.org\/plugins\/shariff\/\">https:\/\/de.wordpress.org\/plugins\/shariff\/<\/a><\/p>\n<p>Wir bieten auf unserer Website Buttons f\u00fcr die folgenden Dienste \/ Unternehmen an: AddThis, Diaspora, Facebook, Flattr, Flipboard, LinkedIn, Odnoklassniki, Patreon, PayPal, Pinterest, Pocket, Qzone, Reddit, Stumbleupon, Telegram, TencentWeibo, Threema, Tumblr, Twitter, VK, Wallabag, Weibo, WhatsApp, Xing.<\/p>\n<h3>Forum<\/h3>\n<p>Um am Forum teilzunehmen, muss man sich registrieren und es werden IP-Adresse, Name und Email-Adresse gespeichert. Weiterhin werden pers\u00f6nliche weitere optionale Profil-Angaben wie z.B. Verband und Funktion gespeichert.\u00a0Wenn ein Benutzer im Forum schreibt, wird dieser Beitrag seinem Benutzerprofil zugeordnet.<\/p>\n<h3>Cookies<\/h3>\n<p>Wenn du einen Kommentar auf unserer Website schreibst, kann das eine Einwilligung sein, deinen Namen, E-Mail-Adresse und Website in Cookies zu speichern. Dies ist eine Komfortfunktion, damit du nicht, wenn du einen weiteren Kommentar schreibst, all diese Daten erneut eingeben musst. Diese Cookies werden ein Jahr lang gespeichert.<\/p>\n<p>Falls du ein Konto hast und dich auf dieser Website anmeldest, werden wir ein tempor\u00e4res Cookie setzen, um festzustellen, ob dein Browser Cookies akzeptiert. Dieses Cookie enth\u00e4lt keine personenbezogenen Daten und wird verworfen, wenn du deinen Browser schlie\u00dft.<\/p>\n<p>Wenn du dich anmeldest, werden wir einige Cookies einrichten, um deine Anmeldeinformationen und Anzeigeoptionen zu speichern. Anmelde-Cookies verfallen nach zwei Tagen und Cookies f\u00fcr die Anzeigeoptionen nach einem Jahr. Falls du bei der Anmeldung \u201eAngemeldet bleiben\u201c ausw\u00e4hlst, wird deine Anmeldung zwei Wochen lang aufrechterhalten. Mit der Abmeldung aus deinem Konto werden die Anmelde-Cookies gel\u00f6scht.<\/p>\n<p>Wenn du einen Artikel bearbeitest oder ver\u00f6ffentlichst, wird ein zus\u00e4tzlicher Cookie in deinem Browser gespeichert. Dieser Cookie enth\u00e4lt keine personenbezogenen Daten und verweist nur auf die Beitrags-ID des Artikels, den du gerade bearbeitet hast. Der Cookie verf\u00e4llt nach einem Tag.<\/p>\n<p>Bei Bestellungen im Onlineshop werden tempor\u00e4r Cookies f\u00fcr die Kaufabwicklung abgelegt. Bei deaktivierten Cookies kann es zu Problemen in der Verarbeitung des Bestellvorganges kommen.<\/p>\n<h3>Eingebettete Inhalte von anderen Websites<\/h3>\n<p>Beitr\u00e4ge auf dieser Website k\u00f6nnen eingebettete Inhalte beinhalten (z.\u00a0B. Videos, Bilder, Beitr\u00e4ge etc.). Eingebettete Inhalte von anderen Websites verhalten sich exakt so, als ob der Besucher die andere Website besucht h\u00e4tte.<\/p>\n<p>Diese Websites k\u00f6nnen Daten \u00fcber dich sammeln, Cookies benutzen, zus\u00e4tzliche Tracking-Dienste von Dritten einbetten und deine Interaktion mit diesem eingebetteten Inhalt aufzeichnen, inklusive deiner Interaktion mit dem eingebetteten Inhalt, falls du ein Konto hast und auf dieser Website angemeldet bist.<\/p>\n<h3>Analysedienste<\/h3>\n<h4>Matomo (vormals: PIWIK)<\/h4>\n<p>In unserem Internetauftritt setzen wir Matomo (ehemals: \u201ePIWIK\u201c) ein. Hierbei handelt es sich um eine Open-Source-Software, mit der wir die Benutzung unseres Internetauftritts analysieren k\u00f6nnen. Hierbei werden Ihre IP-Adresse, die Website(s) unseres Internetauftritts, die Sie besuchen, die Website, von der aus Sie auf unseren Internetauftritt gewechselt haben (Referrer URL), Ihre Verweildauer auf unserem Internetauftritt sowie die H\u00e4ufigkeit des Aufrufs einer unserer Websites verarbeitet.<\/p>\n<p>Zur Erfassung dieser Daten speichert Matomo \u00fcber Ihren Internet-Browser ein Cookie auf Ihrem Endger\u00e4t. Dieses Cookie ist eine Woche lang g\u00fcltig.<\/p>\n<p>Rechtsgrundlage ist Art. 6 Abs. 1 lit. f) DSGVO. Unser berechtigtes Interesse liegt in der Analyse und Optimierung unseres Internetauftritts.<\/p>\n<p>Allerdings nutzen wir Matomo mit der Anonymisierungsfunktion \u201eAutomatically Anonymize Visitor IPs\u201c. Diese Anonymisierungsfunktion k\u00fcrzt Ihre IP-Adresse um zwei Bytes, sodass eine Zuordnung zu Ihnen bzw. zu dem von Ihnen genutzten Internetanschluss unm\u00f6glich ist.<\/p>\n<p>Falls Sie mit dieser Verarbeitung nicht einverstanden sind, haben Sie die M\u00f6glichkeit, die Speicherung des Cookies durch eine Einstellung in Ihrem Internet-Browsers zu verhindern. N\u00e4here Informationen hierzu finden Sie vorstehend unter \u201eCookies\u201c.<\/p>\n<p>Dar\u00fcber hinaus haben Sie die M\u00f6glichkeit, die Analyse Ihres Nutzungsverhaltens im Wege des sog. Opt-outs zu beenden. Mit dem Best\u00e4tigen des Links<br \/>\n<iframe style=\"border: 0; height: 200px; width: 600px;\" src=\"https:\/\/analytics.die-partei-dortmund.de\/index.php?module=CoreAdminHome&amp;action=optOut&amp;language=de&amp;backgroundColor=b91023&amp;fontColor=ffffff&amp;fontSize=17px&amp;fontFamily=Arial\" data-mce-fragment=\"1\"><span data-mce-type=\"bookmark\" style=\"display: inline-block; width: 0px; overflow: hidden; line-height: 0;\" class=\"mce_SELRES_start\">\ufeff<\/span><\/iframe><br \/>\nwird \u00fcber Ihren Internet-Browser ein Cookie auf Ihrem Endger\u00e4t gespeichert, das die weitere Analyse verhindert. Bitte beachten Sie aber, dass Sie den obigen Link erneut bet\u00e4tigen m\u00fcssen, sofern Sie die auf Ihrem Endger\u00e4t gespeicherten Cookies l\u00f6schen.<\/p>\n<h2>Wie lange wir deine Daten speichern<\/h2>\n<p>Wenn du einen Kommentar schreibst, wird dieser inklusive Metadaten zeitlich unbegrenzt gespeichert. Auf diese Art k\u00f6nnen wir Folgekommentare automatisch erkennen und freigeben, anstelle sie in einer Moderations-Warteschlange festzuhalten.<\/p>\n<p>F\u00fcr Benutzer, die sich auf unserer Website registrieren, speichern wir zus\u00e4tzlich die pers\u00f6nlichen Informationen, die sie in ihren Benutzerprofilen angeben, Transaktionsdaten f\u00fcr den Einkauf im Shop, sowie die eigenen Aktivit\u00e4ten im Forum.<\/p>\n<p>Alle Benutzer k\u00f6nnen jederzeit ihre pers\u00f6nlichen Informationen einsehen, ver\u00e4ndern oder l\u00f6schen (der Benutzername kann nicht ver\u00e4ndert werden). Administratoren der Website k\u00f6nnen diese Informationen ebenfalls einsehen und ver\u00e4ndern.<\/p>\n<p>Die Daten registrierter Benutzer des Online-Shops werden zeitlich unbegrenzt gespeichert. Die Benutzer k\u00f6nnen ihre Daten und\u00a0den Bestellverlauf in ihrem Kundenkonto einsehen und bearbeiten, bzw. l\u00f6schen. Bei Bestellungen im Online-Shop ohne Registrierung werden die Bestelldaten nach 3 Monaten gel\u00f6scht.<\/p>\n<h2>Welche Rechte du an deinen Daten hast<\/h2>\n<p>Wenn du ein Konto auf dieser Website besitzt oder Kommentare geschrieben hast, kannst du einen Export deiner personenbezogenen Daten bei uns anfordern, inklusive aller Daten, die du uns mitgeteilt hast. Dar\u00fcber hinaus kannst du die L\u00f6schung aller personenbezogenen Daten, die wir von dir gespeichert haben, anfordern. Dies umfasst nicht die Daten, die wir aufgrund administrativer, rechtlicher oder sicherheitsrelevanter Notwendigkeiten aufbewahren m\u00fcssen.<\/p>\n<p>Der Export, bzw die L\u00f6schung der personenbezogenen Daten kann \u00fcber diese Email-Adresse angefordert werden:<\/p>\n<p><a href=\"&#x6d;&#97;i&#x6c;&#116;o&#x3a;&#100;a&#x74;&#101;n&#x73;&#99;h&#x75;&#x74;z&#x40;&#x64;&#105;&#x65;&#x2d;&#112;&#x61;&#x72;&#116;e&#x69;&#45;d&#x6f;&#114;t&#x6d;&#117;n&#x64;&#46;d&#x65;\">&#100;&#x61;&#116;&#x65;n&#115;&#x63;&#104;&#x75;t&#x7a;&#64;&#100;&#x69;&#101;&#x2d;p&#x61;&#x72;&#116;&#x65;i&#x2d;d&#111;&#x72;&#116;&#x6d;u&#x6e;d&#46;&#x64;&#101;<\/a><\/p>\n<h3>Wie wir deine Daten sch\u00fctzen<\/h3>\n<p>Alle Daten auf unserer Webseite werden mittels SSL-Verschl\u00fcsselung \u00fcbertragen, so dass keine M\u00f6glichkeit f\u00fcr Dritte besteht, diese mitzulesen. Wir verzichten auf Dienste, die personenbezogene Daten ohne Zustimmung au\u00dferhalb der EU speichern. Daten zur statistischen Auswertung werden anonymisiert erfasst. Wir nutzen die Social Media Buttons von Shariff. D.h.,\u00a0es werden keine Daten an den jeweiligen Dienst \u00fcbermittelt, bis ein Button angeklickt wird. Weitere Informationen zu Shariff\u00a0<a href=\"https:\/\/die-partei-dortmund.de\/impressum\/social-media-buttons\/\">hier<\/a>. Die Webseite wird stets aktuell gehalten um Sicherheitsl\u00fccken zu vermeiden. Unsere Datensicherung speichert immer die aktuelle Version der Webseite inkl. Datenbank.<\/p>\n<p>Die Webseite wird auf OpenVZ Server in der EU gehostet und wird durch OVH Anti DDoS Pro gesch\u00fctzt.<\/p>\n<h3>Welche Ma\u00dfnahmen wir bei Datenschutzverletzungen anbieten<\/h3>\n<p>Wir werden zum einen die zust\u00e4ndige Datenschutzaufsichtsbeh\u00f6rde nach \u00a7Art. 33 DSGVO informieren und zum anderen auch die von der Datenpanne betroffenen Personen (Art. 34 DSGVO). Weiterhin werden wir geeignete Ma\u00dfnahmen zur Minderung m\u00f6glicher nachteiliger Folgen vorgeschlagen.<\/p>\n<h3>Weitere Informationen<\/h3>\n<p><strong>Kinder<\/strong><br \/>\nPersonen unter 18 Jahren sollten ohne Zustimmung der Eltern oder Erziehungsberechtigten keine personenbezogenen Daten an uns \u00fcbermitteln.<\/p>\n<p><strong>Links zu anderen Websites<\/strong><br \/>\nUnser Online-Angebot enth\u00e4lt Links zu anderen Websites. Wir haben keinen Einfluss darauf, dass deren Betreiber die Datenschutzbestimmungen einhalten.<\/p>\n<p><strong>Streitbeilegung<br \/>\n<\/strong>Die Europ\u00e4ische Kommission stellt eine Plattform zur Online-Streitbeilegung (OS) bereit, die du unter <a rel=\"noopener\" href=\"http:\/\/ec.europa.eu\/consumers\/odr\/\" target=\"_blank\">http:\/\/ec.europa.eu\/consumers\/odr\/<\/a> findest. Zur Teilnahme an einem Streitbeilegungsverfahren vor einer Verbraucherschlichtungsstelle sind wir nicht verpflichtet und nicht bereit.<\/p>\n","protected":false},"excerpt":{"rendered":"<p>[wpca_btn_reset_consent txt=&#8220;Cookie Einstellungen zur\u00fccksetzen&#8220; txt_resetting=&#8220;Zur\u00fccksetzen..&#8220;] Wer wir sind Die Partei f\u00fcr Arbeit, Rechtsstaat, Tierschutz, Elitenf\u00f6rderung und basisdemokratische Initiative \u2013 Die PARTEI, Kreisverband Dortmund Die Adresse unserer Website ist: https:\/\/die-partei-dortmund.de. Die Kontaktinformationen befinden sich im Impressum Welche personenbezogenen Daten wir sammeln &hellip;<\/p>\n<p class=\"read-more\"> <a class=\"more-link\" href=\"https:\/\/die-partei-dortmund.de\/shop\/datenschutzerklaerung\/\"> <span class=\"screen-reader-text\">Datenschutzerkl\u00e4rung<\/span> Read More &raquo;<\/a><\/p>\n","protected":false},"author":1,"featured_media":0,"parent":0,"menu_order":0,"comment_status":"closed","ping_status":"closed","template":"full-width-page.php","meta":{"_crdt_document":"","footnotes":""},"class_list":["post-4763","page","type-page","status-publish","hentry"],"_links":{"self":[{"href":"https:\/\/die-partei-dortmund.de\/shop\/wp-json\/wp\/v2\/pages\/4763","targetHints":{"allow":["GET"]}}],"collection":[{"href":"https:\/\/die-partei-dortmund.de\/shop\/wp-json\/wp\/v2\/pages"}],"about":[{"href":"https:\/\/die-partei-dortmund.de\/shop\/wp-json\/wp\/v2\/types\/page"}],"author":[{"embeddable":true,"href":"https:\/\/die-partei-dortmund.de\/shop\/wp-json\/wp\/v2\/users\/1"}],"replies":[{"embeddable":true,"href":"https:\/\/die-partei-dortmund.de\/shop\/wp-json\/wp\/v2\/comments?post=4763"}],"version-history":[{"count":3,"href":"https:\/\/die-partei-dortmund.de\/shop\/wp-json\/wp\/v2\/pages\/4763\/revisions"}],"predecessor-version":[{"id":5150,"href":"https:\/\/die-partei-dortmund.de\/shop\/wp-json\/wp\/v2\/pages\/4763\/revisions\/5150"}],"wp:attachment":[{"href":"https:\/\/die-partei-dortmund.de\/shop\/wp-json\/wp\/v2\/media?parent=4763"}],"curies":[{"name":"wp","href":"https:\/\/api.w.org\/{rel}","templated":true}]}}